{"id":82,"date":"2014-01-30T10:51:41","date_gmt":"2014-01-30T10:51:41","guid":{"rendered":"http:\/\/padmaling.org\/wordpress\/?page_id=82"},"modified":"2026-03-30T09:19:11","modified_gmt":"2026-03-30T09:19:11","slug":"adivinaciones","status":"publish","type":"page","link":"https:\/\/padmaling.org\/newpadmaling\/?page_id=82","title":{"rendered":"AdivinacionesP"},"content":{"rendered":"\n<p><div align=\"center\"><span style=\"color: #800000;\"><big><big><b>con<br>S.E. NAMKHAR DRIME RINPOCHE<\/b><\/big><\/big><\/span><\/div><\/p>\n\n\n\n<figure class=\"wp-block-table\"><table class=\"has-fixed-layout\"><tbody><tr><td><br><\/td><td><\/td><\/tr><tr><td colspan=\"3\"><br><table style=\"height: 1409px;\" border=\"0\" width=\"625\" cellspacing=\"2\" cellpadding=\"2\" align=\"center\"><br><tbody><br><tr><br><td valign=\"top\"><br><div align=\"justify\"><br><figure><img loading=\"lazy\" decoding=\"async\" width=\"200\" height=\"299\" align=\"right\" border=\"0\" src=\"http:\/\/padmaling.org\/imagenes\/Namkha_Rimpoche_200.jpg\" alt=\"Namkhar Trimed Rinpoche\"><\/figure><div align=\"right\"><\/div><br><div align=\"left\">Uno de los numerosos dones de S.E. Namkhar Drime Rinpoche es la capacidad de ayudar a los seres a trav\u00e9s de su poder adivinatorio. Por medio de un sistema basado en las flechas de Gu\u00e9sar de Ling, S.E. es capaz de predecir con gran exactitud las probabilidades de \u00e9xito o de fracaso o de resultado positivo o negativo de cualquier situaci\u00f3n dada, tanto en el \u00e1mbito personal como en elespiritual. De forma general se aconseja pedir adivinaciones al menos una vez al a\u00f1o para constatar el estado en que nos encontramos: as\u00ed, previendo los obst\u00e1culos de antemano, se pueden eliminar muchos impedimentos innecesarios<\/div><br><div align=\"justify\"><\/div><br><div align=\"justify\"><\/div><br><div align=\"justify\"><span style=\"color: #800000;\"><b>C\u00d3MO HACER PARA PEDIR UNA ADIVINACI\u00d3N<\/b><\/span><\/div><br><div align=\"justify\"><\/div><br><div align=\"justify\">Pod\u00e9is solicitarla enviando un correo electr\u00f3nico a\u00a0<a href=\"mailto:informacion@padmaling.org\">informacion@padmaling.org<\/a><\/div><br><\/div><br><div align=\"justify\">especificando claramente vuestro nombre y apellidos, fecha de nacimiento y hor\u00f3scopo chino.\u00a0 Adem\u00e1s necesitamos vuestra direcci\u00f3n postal y DNI para registrar vuestra solicitud.<\/div><br><div align=\"justify\"><\/div><br><div align=\"justify\">Si Rinpoche no se encuentra cerca, haremos todo lo posible para responderle lo antes posible. Sin embargo, debido a la compleja agenda de Rinpoche, no podemos garantizarle una respuesta r\u00e1pida y a tiempo. Se realizar\u00e1n sus adivinaciones; sin embargo, la respuesta podr\u00eda tardar entre un par de d\u00edas y un par de semanas o algo m\u00e1s.<\/div><br><div align=\"justify\"><\/div><br><div align=\"justify\"><\/div><br><div align=\"justify\"><span style=\"color: #800000;\"><b>C\u00d3MO PREPARARSE PARA UNA ADIVINACI\u00d3N<\/b><\/span><\/div><br><div align=\"justify\"><br><p>La pregunta puede hacer alusi\u00f3n al cualquier aspecto de tu vida, tanto personal como espiritual. Es importante que el formato de la misma permita una respuesta positiva o negativa. Por ejemplo:<\/p><br><\/div><br><div align=\"justify\"><br><ul><br><li>\u00bfSer\u00eda positivo tener un hijo?<\/li><br><li>\u00bfDeber\u00eda ir a la India a estudiar tibetano?<\/li><br><li>\u00bfEs positivo que me traslade a Barcelona?<\/li><br><\/ul><br><\/div><br><div align=\"justify\">Es aconsejable asimismo que des una breve descripci\u00f3n del problema o situaci\u00f3n de modo que S.E. tenga el mayor n\u00famero posible de elementos para poder interpretar tu pregunta.<br><br>Se pueden hacer hasta tres preguntas distintas, siempre y cuando est\u00e9n relacionadas con el mismo tema.Cuando Rinpoche ve que los indicios no son positivos, puede recomendar puyas para despejar obst\u00e1culos. Las puyas son rituales espec\u00edficos, seg\u00fan se trate de un problema de salud, de obst\u00e1culos en la pr\u00e1ctica, de relaciones, etc, que llevan a cabo los monjes de sus monasterios.En tal caso, se te avisar\u00e1 de las puyas que recomiende y del donativo para las mismas y te pediremos tu consentimiento antes de encargarlas al monasterio.<\/div><br><div align=\"justify\"><\/div><br><div align=\"justify\"><\/div><br><div align=\"justify\"><span style=\"color: #800000;\"><b>OFRENDA PARA ADIVINACIONES<\/b><\/span><\/div><br><div align=\"justify\"><br><br><div>Donaciones para Adivinaciones y Pujas-rituales<\/div><br><div>Destinatario: Asociaci\u00f3n Padma Ling<\/div><br><div>Cuenta: ES68 2100 0843 8102 0045 3689<\/div><br><div>Concepto: Adivinaciones y\/o Pujas + nombre y apellidos<\/div><br><div>Aportaci\u00f3n m\u00ednima 35 euros<\/div><br><br><\/div><br><div align=\"justify\">Feliz adivinaci\u00f3n!!.<\/div><br><\/td><br><\/tr><br><\/tbody><br><\/table><br><\/td><\/tr><\/tbody><\/table><\/figure>\n","protected":false},"excerpt":{"rendered":"<p>conS.E. NAMKHAR DRIME RINPOCHE Uno de los numerosos dones de S.E. Namkhar Drime Rinpoche es la capacidad de ayudar a los seres a trav\u00e9s de su poder adivinatorio. Por medio de un sistema basado en las flechas de Gu\u00e9sar de Ling, S.E. es capaz de predecir con gran exactitud las&#8230;<\/p>\n<p> <a class=\"continue-reading-link\" href=\"https:\/\/padmaling.org\/newpadmaling\/?page_id=82\"><span>Cotinuar leyendo<\/span><i class=\"crycon-right-dir\"><\/i><\/a> <\/p>\n","protected":false},"author":1,"featured_media":0,"parent":0,"menu_order":0,"comment_status":"closed","ping_status":"closed","template":"","meta":{"footnotes":""},"class_list":["post-82","page","type-page","status-publish","hentry"],"_links":{"self":[{"href":"https:\/\/padmaling.org\/newpadmaling\/index.php?rest_route=\/wp\/v2\/pages\/82","targetHints":{"allow":["GET"]}}],"collection":[{"href":"https:\/\/padmaling.org\/newpadmaling\/index.php?rest_route=\/wp\/v2\/pages"}],"about":[{"href":"https:\/\/padmaling.org\/newpadmaling\/index.php?rest_route=\/wp\/v2\/types\/page"}],"author":[{"embeddable":true,"href":"https:\/\/padmaling.org\/newpadmaling\/index.php?rest_route=\/wp\/v2\/users\/1"}],"replies":[{"embeddable":true,"href":"https:\/\/padmaling.org\/newpadmaling\/index.php?rest_route=%2Fwp%2Fv2%2Fcomments&post=82"}],"version-history":[{"count":4,"href":"https:\/\/padmaling.org\/newpadmaling\/index.php?rest_route=\/wp\/v2\/pages\/82\/revisions"}],"predecessor-version":[{"id":1857,"href":"https:\/\/padmaling.org\/newpadmaling\/index.php?rest_route=\/wp\/v2\/pages\/82\/revisions\/1857"}],"wp:attachment":[{"href":"https:\/\/padmaling.org\/newpadmaling\/index.php?rest_route=%2Fwp%2Fv2%2Fmedia&parent=82"}],"curies":[{"name":"wp","href":"https:\/\/api.w.org\/{rel}","templated":true}]}}