{"id":378,"date":"2014-02-26T18:07:07","date_gmt":"2014-02-26T17:07:07","guid":{"rendered":"http:\/\/padmaling.org\/wordpress\/?page_id=378"},"modified":"2014-02-26T18:07:07","modified_gmt":"2014-02-26T17:07:07","slug":"direcciones","status":"publish","type":"page","link":"https:\/\/padmaling.org\/newpadmaling\/?page_id=378","title":{"rendered":"direcciones"},"content":{"rendered":"<p style=\"text-align: center;\"><strong>Informaci\u00f3n actividades<\/strong><\/p>\n<p><strong>Pa\u00eds Vasco:<\/strong> Luz: <a href=\"mailto:yoganjaliluz@hotmail.es\" target=\"_blank\" rel=\"noopener noreferrer\">yoganjaliluz@hotmail.es<\/a><\/p>\n<p><strong>Valencia:<\/strong> Andrea: <a href=\"mailto:andreitagipe@gmail.com\" target=\"_blank\" rel=\"noopener noreferrer\">andreitagipe@gmail.com<\/a><\/p>\n<p><strong>Catalu\u00f1a:<\/strong>\u00a0\u00c1ngela:\u00a0<a href=\"mailto:mavaleyras@gmail.com\" target=\"_blank\" rel=\"noopener noreferrer\">mavaleyras@gmail.com<\/a><\/p>\n<p><strong>Galicia:<\/strong> Mar\u00eda: <a href=\"mailto:mcnriobo@gmail.com\">mcnriobo@gmail.com<\/a><\/p>\n<p><strong>Arag\u00f3n:<\/strong> Carmen: <a href=\"mailto:karmendeling@gmail.com\" target=\"_blank\" rel=\"noopener noreferrer\">karmendeling@gmail.com<\/a><\/p>\n","protected":false},"excerpt":{"rendered":"<p>Informaci\u00f3n actividades Pa\u00eds Vasco: Luz: yoganjaliluz@hotmail.es Valencia: Andrea: andreitagipe@gmail.com Catalu\u00f1a:\u00a0\u00c1ngela:\u00a0mavaleyras@gmail.com Galicia: Mar\u00eda: mcnriobo@gmail.com Arag\u00f3n: Carmen: karmendeling@gmail.com<\/p>\n<p> <a class=\"continue-reading-link\" href=\"https:\/\/padmaling.org\/newpadmaling\/?page_id=378\"><span>Cotinuar leyendo<\/span><i class=\"crycon-right-dir\"><\/i><\/a> <\/p>\n","protected":false},"author":1,"featured_media":0,"parent":246,"menu_order":0,"comment_status":"closed","ping_status":"closed","template":"page-templates\/full-width.php","meta":{"footnotes":""},"class_list":["post-378","page","type-page","status-publish","hentry"],"_links":{"self":[{"href":"https:\/\/padmaling.org\/newpadmaling\/index.php?rest_route=\/wp\/v2\/pages\/378","targetHints":{"allow":["GET"]}}],"collection":[{"href":"https:\/\/padmaling.org\/newpadmaling\/index.php?rest_route=\/wp\/v2\/pages"}],"about":[{"href":"https:\/\/padmaling.org\/newpadmaling\/index.php?rest_route=\/wp\/v2\/types\/page"}],"author":[{"embeddable":true,"href":"https:\/\/padmaling.org\/newpadmaling\/index.php?rest_route=\/wp\/v2\/users\/1"}],"replies":[{"embeddable":true,"href":"https:\/\/padmaling.org\/newpadmaling\/index.php?rest_route=%2Fwp%2Fv2%2Fcomments&post=378"}],"version-history":[{"count":0,"href":"https:\/\/padmaling.org\/newpadmaling\/index.php?rest_route=\/wp\/v2\/pages\/378\/revisions"}],"up":[{"embeddable":true,"href":"https:\/\/padmaling.org\/newpadmaling\/index.php?rest_route=\/wp\/v2\/pages\/246"}],"wp:attachment":[{"href":"https:\/\/padmaling.org\/newpadmaling\/index.php?rest_route=%2Fwp%2Fv2%2Fmedia&parent=378"}],"curies":[{"name":"wp","href":"https:\/\/api.w.org\/{rel}","templated":true}]}}