{"id":129,"date":"2014-02-07T19:32:28","date_gmt":"2014-02-07T19:32:28","guid":{"rendered":"http:\/\/padmaling.org\/wordpress\/?page_id=129"},"modified":"2014-02-07T19:32:28","modified_gmt":"2014-02-07T19:32:28","slug":"audios","status":"publish","type":"page","link":"https:\/\/padmaling.org\/newpadmaling\/?page_id=129","title":{"rendered":"Audios"},"content":{"rendered":"<p>Para que tengas la oportunidad de saborear la calidez y el sentido del humor de las ense\u00f1anzas de Gyetrul Jigme Rimpoche aqu\u00ed puedes encontrar :<\/p>\n<p>&nbsp;<\/p>\n<table width=\"100%\" border=\"2\" cellspacing=\"2\" cellpadding=\"2\">\n<tbody>\n<tr>\n<td valign=\"top\"><b><a name=\"Extractos\"><\/a><span style=\"color: #993300;\"><big>Extractos<\/big> de ense\u00f1anzas <\/span><\/b><\/td>\n<td valign=\"top\"><span style=\"color: #993300;\"><b>Pistas<\/b><\/span><\/td>\n<\/tr>\n<tr>\n<td valign=\"top\"><b>Shine, nos conecta con la paz mental<\/b><br \/>\nExtracto de las ense\u00f1anzas \u00abPr\u00e1ctica de la Calma Mental (Shin\u00e9)\u00bb \u00a0impartidas en 8,9 Noviembre 2003 en Barcelona.<br \/>\nTotal 2,2 MB (16Kb) 19 minutos<\/td>\n<td valign=\"top\"><a href=\"http:\/\/padmaling.org\/ensenanzas\/sonido\/1_Shine_a4_24kb.mp3\">1<\/a> , <a href=\"http:\/\/padmaling.org\/ensenanzas\/sonido\/1_Shine_a5_24kb.mp3\">2 <\/a><\/td>\n<\/tr>\n<tr>\n<td valign=\"top\"><b>El amor sin apego<\/b>.<br \/>\nExtracto del la conferencia \u00abEl amor sin apego\u00bb impartida en Barcelona el 9 julio del 2004.<br \/>\nTotal 4 MB(16Kb) 27 minutos<\/td>\n<td valign=\"top\"><a href=\"http:\/\/padmaling.org\/ensenanzas\/sonido\/apego_y_amor1_24Kb.mp3\">1<\/a> , <a href=\"http:\/\/padmaling.org\/ensenanzas\/sonido\/apego_y_amor2_24Kb.mp3\">2<\/a> , <a href=\"http:\/\/padmaling.org\/ensenanzas\/sonido\/apego_y_amor3_24Kb.mp3\">3<\/a> , <a href=\"http:\/\/padmaling.org\/ensenanzas\/sonido\/apego_y_amor4_24Kb.mp3\">4<\/a><br \/>\n<a href=\"http:\/\/padmaling.org\/ensenanzas\/sonido\/apego_y_amor_mp3.zip\">Descarga Completa .ZIP<\/a><\/td>\n<\/tr>\n<tr>\n<td valign=\"top\"><b>La raz\u00f3n por la que entramos en un camino espiritual.<\/b><br \/>\nEsta es una sesi\u00f3n que forma parte de la ense\u00f1anza impartida en el retiro sobre \u00abLos preliminares\u00bb en Barcelona el 1 de noviembre del 2002.<\/p>\n<div align=\"right\">Total 11,6 MB \u00a02 horas.<\/div>\n<\/td>\n<td valign=\"top\"><a href=\"http:\/\/padmaling.org\/ensenanzas\/sonido\/1a1_aPreliminares.mp3\" shape=\"rect\">1a<\/a> , <a href=\"http:\/\/padmaling.org\/ensenanzas\/sonido\/1a1_bPreliminares.mp3\" shape=\"rect\">1b<\/a> ,<br \/>\n<a href=\"http:\/\/padmaling.org\/ensenanzas\/sonido\/1a2_aPreliminares.mp3\" shape=\"rect\">2a<\/a> , <a href=\"http:\/\/padmaling.org\/ensenanzas\/sonido\/1a2_bPreliminares.mp3\" shape=\"rect\">2b<\/a> , <a href=\"http:\/\/padmaling.org\/ensenanzas\/sonido\/1a3_aPreliminares.mp3\" shape=\"rect\">3a<\/a> , <a href=\"http:\/\/padmaling.org\/ensenanzas\/sonido\/1a3_bPreliminares.mp3\" shape=\"rect\">3b<\/a>,\u00a0 <a href=\"http:\/\/padmaling.org\/ensenanzas\/sonido\/1a4_aPreliminares.mp3\" shape=\"rect\">4a <\/a>, <a href=\"http:\/\/padmaling.org\/ensenanzas\/sonido\/1b1_aPreliminares.mp3\">5a<\/a>, <a href=\"http:\/\/padmaling.org\/ensenanzas\/sonido\/1b1_bPreliminares.mp3\">5b<\/a>, <a href=\"http:\/\/padmaling.org\/ensenanzas\/sonido\/1b2_aPreliminares.mp3\">6a<\/a> , <a href=\"http:\/\/padmaling.org\/ensenanzas\/sonido\/1b2_bPreliminares.mp3\">6b<\/a> ,\u00a0<a href=\"http:\/\/padmaling.org\/ensenanzas\/sonido\/1b3_aPreliminares.mp3\"> 7a<\/a> ,\u00a0<a href=\"http:\/\/padmaling.org\/ensenanzas\/sonido\/1b3_bPreliminares.mp3\"> 7b<\/a>,\u00a0<a href=\"http:\/\/padmaling.org\/ensenanzas\/sonido\/1b4_aPreliminares.mp3\"> 8a<\/a> , <a href=\"http:\/\/padmaling.org\/ensenanzas\/sonido\/1b4_bPreliminares.mp3\">8b<\/a><br \/>\n<a href=\"http:\/\/padmaling.org\/ensenanzas\/sonido\/preliminares_mp3.zip\">Descarga Completa .ZIP<\/a><\/td>\n<\/tr>\n<tr>\n<td rowspan=\"1\" colspan=\"2\" valign=\"top\"><b>Istrucciones\u00a0de descarga<\/b><br \/>\nEstas ense\u00f1anzas est\u00e1n grabadas en formato de sonido mp3.\u00a0 Desc\u00e1rgalas en tu PC y podr\u00e1s escucharlas.\u00a0 Son ficheros bastante grandes y tardar\u00e1n un rato en descargarse, seg\u00fan la velocidad de tu linea.<br \/>\nPara descargarlas pulsa sobre el n\u00famero de pista y elige la opci\u00f3n de guardarlo en el disco o bajate la \u00abDescarga completa\u00bb en fichero ZIP<br \/>\nCada ense\u00f1anza est\u00e1 dividida en pistas de 7,5 minutos (880KB) aproximadamente\u00a0 para facilitar la descarga.<\/td>\n<\/tr>\n<\/tbody>\n<\/table>\n","protected":false},"excerpt":{"rendered":"<p>Para que tengas la oportunidad de saborear la calidez y el sentido del humor de las ense\u00f1anzas de Gyetrul Jigme Rimpoche aqu\u00ed puedes encontrar : &nbsp; Extractos de ense\u00f1anzas Pistas Shine, nos conecta con la paz mental Extracto de las ense\u00f1anzas \u00abPr\u00e1ctica de la Calma Mental (Shin\u00e9)\u00bb \u00a0impartidas en 8,9&#8230;<\/p>\n<p> <a class=\"continue-reading-link\" href=\"https:\/\/padmaling.org\/newpadmaling\/?page_id=129\"><span>Cotinuar leyendo<\/span><i class=\"crycon-right-dir\"><\/i><\/a> <\/p>\n","protected":false},"author":1,"featured_media":0,"parent":71,"menu_order":0,"comment_status":"closed","ping_status":"closed","template":"page-templates\/full-width.php","meta":{"footnotes":""},"class_list":["post-129","page","type-page","status-publish","hentry"],"_links":{"self":[{"href":"https:\/\/padmaling.org\/newpadmaling\/index.php?rest_route=\/wp\/v2\/pages\/129","targetHints":{"allow":["GET"]}}],"collection":[{"href":"https:\/\/padmaling.org\/newpadmaling\/index.php?rest_route=\/wp\/v2\/pages"}],"about":[{"href":"https:\/\/padmaling.org\/newpadmaling\/index.php?rest_route=\/wp\/v2\/types\/page"}],"author":[{"embeddable":true,"href":"https:\/\/padmaling.org\/newpadmaling\/index.php?rest_route=\/wp\/v2\/users\/1"}],"replies":[{"embeddable":true,"href":"https:\/\/padmaling.org\/newpadmaling\/index.php?rest_route=%2Fwp%2Fv2%2Fcomments&post=129"}],"version-history":[{"count":0,"href":"https:\/\/padmaling.org\/newpadmaling\/index.php?rest_route=\/wp\/v2\/pages\/129\/revisions"}],"up":[{"embeddable":true,"href":"https:\/\/padmaling.org\/newpadmaling\/index.php?rest_route=\/wp\/v2\/pages\/71"}],"wp:attachment":[{"href":"https:\/\/padmaling.org\/newpadmaling\/index.php?rest_route=%2Fwp%2Fv2%2Fmedia&parent=129"}],"curies":[{"name":"wp","href":"https:\/\/api.w.org\/{rel}","templated":true}]}}